{"id":23,"date":"2017-10-01T19:20:40","date_gmt":"2017-10-01T19:20:40","guid":{"rendered":"https:\/\/import.brothersthemes.com\/nur\/?page_id=23"},"modified":"2020-08-19T16:53:22","modified_gmt":"2020-08-19T13:53:22","slug":"iletisim","status":"publish","type":"page","link":"https:\/\/www.cfnkimya.com\/index.php\/iletisim\/","title":{"rendered":"\u0130LET\u0130\u015e\u0130M"},"content":{"rendered":"<p>[vc_row full_width=&#8221;stretch_row_content_no_spaces&#8221; css=&#8221;.vc_custom_1506708570844{margin-top: 60px !important;background-color: #f5f5f5 !important;}&#8221;][vc_column][nur_image_section layout=&#8221;cover-image content-right&#8221; image_id=&#8221;783&#8243;][nur_section_heading decoration=&#8221;line&#8221; el_class=&#8221;text-center text-md-left ml-md-0&#8243;]<\/p>\n<h3>Bize Yaz\u0131n!<\/h3>\n<p>Her t\u00fcrl\u00fc g\u00f6r\u00fc\u015f, \u00f6neri ve sorular\u0131n\u0131z i\u00e7in formu doldurabilirsiniz.[\/nur_section_heading]<div role=\"form\" class=\"wpcf7\" id=\"wpcf7-f70-o1\" lang=\"en-US\" dir=\"ltr\">\n<div class=\"screen-reader-response\"><\/div>\n<form action=\"\/index.php\/wp-json\/wp\/v2\/pages\/23#wpcf7-f70-o1\" method=\"post\" class=\"wpcf7-form\" novalidate=\"novalidate\">\n<div style=\"display: none;\">\n<input type=\"hidden\" name=\"_wpcf7\" value=\"70\" \/>\n<input type=\"hidden\" name=\"_wpcf7_version\" value=\"5.1.6\" \/>\n<input type=\"hidden\" name=\"_wpcf7_locale\" value=\"en_US\" \/>\n<input type=\"hidden\" name=\"_wpcf7_unit_tag\" value=\"wpcf7-f70-o1\" \/>\n<input type=\"hidden\" name=\"_wpcf7_container_post\" value=\"0\" \/>\n<\/div>\n<p><label> Konu<br \/>\n    <span class=\"wpcf7-form-control-wrap office-location\"><select name=\"office-location\" class=\"wpcf7-form-control wpcf7-select wpcf7-validates-as-required\" aria-required=\"true\" aria-invalid=\"false\"><option value=\"\u00dcr\u00fcnler\">\u00dcr\u00fcnler<\/option><option value=\"Sat\u0131nalma\">Sat\u0131nalma<\/option><option value=\"Di\u011fer\">Di\u011fer<\/option><\/select><\/span> <\/label><\/p>\n<p><label> Ad\u0131n\u0131z (gerekli)<br \/>\n    <span class=\"wpcf7-form-control-wrap your-name\"><input type=\"text\" name=\"your-name\" value=\"\" size=\"40\" class=\"wpcf7-form-control wpcf7-text wpcf7-validates-as-required\" aria-required=\"true\" aria-invalid=\"false\" \/><\/span> <\/label><\/p>\n<p><label> E-mail (gerekli)<br \/>\n    <span class=\"wpcf7-form-control-wrap your-email\"><input type=\"email\" name=\"your-email\" value=\"\" size=\"40\" class=\"wpcf7-form-control wpcf7-text wpcf7-email wpcf7-validates-as-required wpcf7-validates-as-email\" aria-required=\"true\" aria-invalid=\"false\" \/><\/span> <\/label><\/p>\n<p><label> Mesaj\u0131n\u0131z<br \/>\n    <span class=\"wpcf7-form-control-wrap your-message\"><textarea name=\"your-message\" cols=\"40\" rows=\"10\" class=\"wpcf7-form-control wpcf7-textarea\" aria-invalid=\"false\"><\/textarea><\/span> <\/label><\/p>\n<p><input type=\"hidden\" name=\"_wpcf7_captcha_challenge_captcha-1\" value=\"1038764068\" \/><img class=\"wpcf7-form-control wpcf7-captchac wpcf7-captcha-captcha-1\" width=\"72\" height=\"24\" alt=\"captcha\" src=\"https:\/\/www.cfnkimya.com\/wp-content\/uploads\/wpcf7_captcha\/1038764068.png\" \/> <span class=\"wpcf7-form-control-wrap captcha-1\"><input type=\"text\" name=\"captcha-1\" value=\"\" size=\"40\" class=\"wpcf7-form-control wpcf7-captchar\" autocomplete=\"off\" aria-invalid=\"false\" \/><\/span><\/p>\n<p class=\"text-center\"><span class=\"wpcf7-form-control-wrap acceptance-498\"><span class=\"wpcf7-form-control wpcf7-acceptance optional\"><span class=\"wpcf7-list-item\"><input type=\"checkbox\" name=\"acceptance-498\" value=\"1\" aria-invalid=\"false\" \/><\/span><\/span><\/span>  <a href=\"https:\/\/www.cfnkimya.com\/wp-content\/uploads\/2025\/05\/WebSitesiBizeUlasinAydinlatmaMetni.pdf\" target=\"_blank\" rel=\"noopener\">Ayd\u0131nlatma metnini okudum,<\/a> onayl\u0131yorum. <\/p>\n<p class=\"text-center\">\n    <input type=\"submit\" value=\"G\u00f6nder\" class=\"wpcf7-form-control wpcf7-submit btn btn-primary\" \/> <\/p>\n<div class=\"wpcf7-response-output wpcf7-display-none\"><\/div><\/form><\/div>[\/nur_image_section][\/vc_column][\/vc_row][vc_row full_width=&#8221;stretch_row_content&#8221; css=&#8221;.vc_custom_1506708727363{margin-top: 60px !important;}&#8221;][vc_column width=&#8221;1\/3&#8243; offset=&#8221;vc_col-md-offset-1 vc_col-md-3&#8243;][nur_section_heading decoration=&#8221;line&#8221; el_class=&#8221;text-center text-md-left ml-md-0&#8243;]<\/p>\n<h3>CFN Kimya Sanayi ve D\u0131\u015f Ticaret A.\u015e.<\/h3>\n<p><strong>Adres<\/strong><br \/>\nDemirciler OSB Mah. Murat Y\u0131ld\u0131ran Cad. No: 3\/3 Dilovas\u0131\/KOCAEL\u0130<\/p>\n<p><strong>Telefon<\/strong><br \/>\n+90 262 290 86 54-55 (pbx)<\/p>\n<p><strong>Faks<\/strong><br \/>\n+90 262 290 86 60<\/p>\n<p><strong>Email<\/strong><br \/>\n<a href=\"mailto:info@cfnkimya.com\">info@cfnkimya.com<\/a>[\/nur_section_heading][\/vc_column][vc_column width=&#8221;2\/3&#8243;][vc_gmaps link=&#8221;#E-8_JTNDaWZyYW1lJTIwc3JjJTNEJTIyaHR0cHMlM0ElMkYlMkZ3d3cuZ29vZ2xlLmNvbSUyRm1hcHMlMkZlbWJlZCUzRnBiJTNEJTIxMW0xNCUyMTFtOCUyMTFtMyUyMTFkMTIwNzkuMjEwMzg0ODA1MTY3JTIxMmQyOS41NTgzMjczJTIxM2Q0MC44MTAzMzE1JTIxM20yJTIxMWkxMDI0JTIxMmk3NjglMjE0ZjEzLjElMjEzbTMlMjExbTIlMjExczB4MCUyNTNBMHg0NGM5MWM0OWM1Y2U0MGU5JTIxMnNDRk4lMkJLaW15YSUyQlNhbmF5aSUyQnZlJTJCRCUyNUM0JTI1QjElMjVDNSUyNTlGJTJCVGljYXJldCUyQkEuJTI1QzUlMjU5RS4lMjE1ZTAlMjEzbTIlMjExc3RyJTIxMnN0ciUyMTR2MTUzNzQ1NDI2NjAzNSUyMiUyMHdpZHRoJTNEJTIyODAwJTIyJTIwaGVpZ2h0JTNEJTIyNjAwJTIyJTIwZnJhbWVib3JkZXIlM0QlMjIwJTIyJTIwc3R5bGUlM0QlMjJib3JkZXIlM0EwJTIyJTIwYWxsb3dmdWxsc2NyZWVuJTNFJTNDJTJGaWZyYW1lJTNF&#8221; size=&#8221;400&#8243; css_animation=&#8221;fadeIn&#8221; css=&#8221;.vc_custom_1537454318535{margin-bottom: 0px !important;background-color: #f7f7f7 !important;}&#8221;][\/vc_column][\/vc_row]<\/p>\n","protected":false},"excerpt":{"rendered":"<p>[vc_row full_width=&#8221;stretch_row_content_no_spaces&#8221; css=&#8221;.vc_custom_1506708570844{margin-top: 60px !important;background-color: #f5f5f5 !important;}&#8221;][vc_column][nur_image_section layout=&#8221;cover-image content-right&#8221; image_id=&#8221;783&#8243;][nur_section_heading decoration=&#8221;line&#8221; el_class=&#8221;text-center text-md-left ml-md-0&#8243;] Bize Yaz\u0131n! Her t\u00fcrl\u00fc g\u00f6r\u00fc\u015f, \u00f6neri ve sorular\u0131n\u0131z i\u00e7in formu doldurabilirsiniz.[\/nur_section_heading][\/nur_image_section][\/vc_column][\/vc_row][vc_row full_width=&#8221;stretch_row_content&#8221; css=&#8221;.vc_custom_1506708727363{margin-top: 60px !important;}&#8221;][vc_column width=&#8221;1\/3&#8243; offset=&#8221;vc_col-md-offset-1 vc_col-md-3&#8243;][nur_section_heading decoration=&#8221;line&#8221; el_class=&#8221;text-center text-md-left ml-md-0&#8243;] CFN Kimya Sanayi ve D\u0131\u015f Ticaret A.\u015e. Adres Demirciler OSB Mah. Murat Y\u0131ld\u0131ran Cad. No: 3\/3 Dilovas\u0131\/KOCAEL\u0130 Telefon +90 [&hellip;]<\/p>\n","protected":false},"author":1,"featured_media":0,"parent":0,"menu_order":0,"comment_status":"closed","ping_status":"closed","template":"","meta":{"footnotes":""},"_links":{"self":[{"href":"https:\/\/www.cfnkimya.com\/index.php\/wp-json\/wp\/v2\/pages\/23"}],"collection":[{"href":"https:\/\/www.cfnkimya.com\/index.php\/wp-json\/wp\/v2\/pages"}],"about":[{"href":"https:\/\/www.cfnkimya.com\/index.php\/wp-json\/wp\/v2\/types\/page"}],"author":[{"embeddable":true,"href":"https:\/\/www.cfnkimya.com\/index.php\/wp-json\/wp\/v2\/users\/1"}],"replies":[{"embeddable":true,"href":"https:\/\/www.cfnkimya.com\/index.php\/wp-json\/wp\/v2\/comments?post=23"}],"version-history":[{"count":12,"href":"https:\/\/www.cfnkimya.com\/index.php\/wp-json\/wp\/v2\/pages\/23\/revisions"}],"predecessor-version":[{"id":1856,"href":"https:\/\/www.cfnkimya.com\/index.php\/wp-json\/wp\/v2\/pages\/23\/revisions\/1856"}],"wp:attachment":[{"href":"https:\/\/www.cfnkimya.com\/index.php\/wp-json\/wp\/v2\/media?parent=23"}],"curies":[{"name":"wp","href":"https:\/\/api.w.org\/{rel}","templated":true}]}}