{"id":1696,"date":"2020-07-08T15:57:00","date_gmt":"2020-07-08T12:57:00","guid":{"rendered":"http:\/\/www.cfnkimya.com\/?page_id=1696"},"modified":"2026-02-26T10:16:20","modified_gmt":"2026-02-26T07:16:20","slug":"ise-alma-surecimiz","status":"publish","type":"page","link":"https:\/\/www.cfnkimya.com\/index.php\/ise-alma-surecimiz\/","title":{"rendered":"\u0130\u015fe Alma S\u00fcrecimiz"},"content":{"rendered":"<p style=\"margin-top: 0cm; text-align: justify; background: white;\"><span style=\"color: #212529;\">CFN Kimya&#8217;n\u0131n \u0130nsan Kaynaklar\u0131 s\u00fcre\u00e7lerini, sekt\u00f6r\u00fcnde ortak de\u011ferler yaratacak, kal\u0131c\u0131l\u0131\u011f\u0131 sa\u011flayacak, g\u00fcven ve verimlilik esas\u0131na dayanan profesyonel sistemler arac\u0131l\u0131\u011f\u0131 ile y\u00fcr\u00fctmekteyiz.<\/span><\/p>\n<p style=\"margin-top: 0cm; text-align: justify; background: white;\"><span style=\"color: #212529;\">\u00d6\u011frenen bir organizasyon olma hedefi ile, \u00e7al\u0131\u015fanlar\u0131m\u0131z\u0131n kendilerini en iyi \u015fekilde geli\u015ftirmeleri i\u00e7in gerekli e\u011fitim ve geli\u015fim imkanlar\u0131n\u0131 sa\u011flar\u0131z.<\/span><\/p>\n<p style=\"margin-top: 0cm; text-align: justify; background: white;\"><span style=\"color: #212529;\">A\u00e7\u0131k pozisyonlar\u0131m\u0131z, <b>Linkedin ve Kariyer.net gibi<\/b> portallar \u00fczerinden yay\u0131nlan\u0131r. Gelen ba\u015fvurular, pozisyonun yetkinliklerine uygun de\u011ferlendirilerek; olumlu bulunan adaylar ile insan kaynaklar\u0131 ve ilgili y\u00f6neticilerin kat\u0131ld\u0131\u011f\u0131 m\u00fclakatlar ger\u00e7ekle\u015ftirilir. Pozisyonlara uygun olarak, de\u011ferlendirme merkezi uygulamalar\u0131 ve yabanc\u0131 dil s\u0131navlar\u0131 da i\u015fe al\u0131m s\u00fcrecimizin bir par\u00e7as\u0131d\u0131r. G\u00fcncel \u00e7al\u0131\u015fma arkada\u015flar\u0131 ihtiya\u00e7lar\u0131m\u0131z\u0131\u00a0buradan\u00a0takip edebilirsiniz.<\/span><\/p>\n<p>\u00c7al\u0131\u015fan adaylar\u0131m\u0131z i\u00e7in \u0130\u015f Ba\u015fvuru Ayd\u0131nlatma Metnine a\u015fa\u011f\u0131daki linkten ula\u015fabilirsiniz;<\/p>\n<ul>\n<li><a href=\"https:\/\/cfnkimya.com\/wp-content\/uploads\/2026\/02\/FPR.030-08_1%20A%C3%A7%C4%B1k%20r%C4%B1za%20metni.pdf\" target=\"_blank\" rel=\"noopener\">\u00c7al\u0131\u015fan Aday\u0131 \u0130\u015f Ba\u015fvuru Ayd\u0131nlatma Metni<\/a><\/li>\n<\/ul>\n","protected":false},"excerpt":{"rendered":"<p>CFN Kimya&#8217;n\u0131n \u0130nsan Kaynaklar\u0131 s\u00fcre\u00e7lerini, sekt\u00f6r\u00fcnde ortak de\u011ferler yaratacak, kal\u0131c\u0131l\u0131\u011f\u0131 sa\u011flayacak, g\u00fcven ve verimlilik esas\u0131na dayanan profesyonel sistemler arac\u0131l\u0131\u011f\u0131 ile y\u00fcr\u00fctmekteyiz. \u00d6\u011frenen bir organizasyon olma hedefi ile, \u00e7al\u0131\u015fanlar\u0131m\u0131z\u0131n kendilerini en iyi \u015fekilde geli\u015ftirmeleri i\u00e7in gerekli e\u011fitim ve geli\u015fim imkanlar\u0131n\u0131 sa\u011flar\u0131z. A\u00e7\u0131k pozisyonlar\u0131m\u0131z, Linkedin ve Kariyer.net gibi portallar \u00fczerinden yay\u0131nlan\u0131r. Gelen ba\u015fvurular, pozisyonun yetkinliklerine uygun de\u011ferlendirilerek; [&hellip;]<\/p>\n","protected":false},"author":1,"featured_media":0,"parent":0,"menu_order":0,"comment_status":"closed","ping_status":"closed","template":"","meta":{"footnotes":""},"_links":{"self":[{"href":"https:\/\/www.cfnkimya.com\/index.php\/wp-json\/wp\/v2\/pages\/1696"}],"collection":[{"href":"https:\/\/www.cfnkimya.com\/index.php\/wp-json\/wp\/v2\/pages"}],"about":[{"href":"https:\/\/www.cfnkimya.com\/index.php\/wp-json\/wp\/v2\/types\/page"}],"author":[{"embeddable":true,"href":"https:\/\/www.cfnkimya.com\/index.php\/wp-json\/wp\/v2\/users\/1"}],"replies":[{"embeddable":true,"href":"https:\/\/www.cfnkimya.com\/index.php\/wp-json\/wp\/v2\/comments?post=1696"}],"version-history":[{"count":11,"href":"https:\/\/www.cfnkimya.com\/index.php\/wp-json\/wp\/v2\/pages\/1696\/revisions"}],"predecessor-version":[{"id":1987,"href":"https:\/\/www.cfnkimya.com\/index.php\/wp-json\/wp\/v2\/pages\/1696\/revisions\/1987"}],"wp:attachment":[{"href":"https:\/\/www.cfnkimya.com\/index.php\/wp-json\/wp\/v2\/media?parent=1696"}],"curies":[{"name":"wp","href":"https:\/\/api.w.org\/{rel}","templated":true}]}}