{"id":1655,"date":"2020-07-08T14:30:43","date_gmt":"2020-07-08T11:30:43","guid":{"rendered":"http:\/\/www.cfnkimya.com\/?page_id=1655"},"modified":"2026-02-27T04:10:01","modified_gmt":"2026-02-27T01:10:01","slug":"kvkk","status":"publish","type":"page","link":"https:\/\/www.cfnkimya.com\/index.php\/kvkk\/","title":{"rendered":"K\u0130\u015e\u0130SEL VER\u0130LER\u0130 KORUMA KANUNU"},"content":{"rendered":"<p style=\"font-weight: 400;\">CFN Kimya olarak ki\u015fisel verilerinizin g\u00fcvenli\u011fi hususuna mutlak suretle \u00f6nem g\u00f6steriyoruz. \u015eirketimizin hizmet alanlar\u0131ndan yararlanan de\u011ferli m\u00fc\u015fterilerimiz dahil, bizlerle ili\u015fkili olan t\u00fcm \u015fah\u0131slara ait her t\u00fcrl\u00fc ki\u015fisel verileri 6698 say\u0131l\u0131 Ki\u015fisel Verilerin Korunmas\u0131 Kanunu (KVKK) mevzuat\u0131na uygun olarak i\u015fleyerek muhafaza ediyoruz.<\/p>\n<p style=\"font-weight: 400;\">CFN Kimya olarak (KVKK) Politikam\u0131z\u0131, ki\u015fisel verilerinizin hangi y\u00f6ntemlerle ve hangi ama\u00e7larla i\u015flenerek sakland\u0131\u011f\u0131n\u0131 a\u015fa\u011f\u0131daki linklerde sunulan ayd\u0131nlatma metinlerimizi inceleyerek g\u00f6zlemleyebilirsiniz.<\/p>\n<ul>\n<li><a href=\"https:\/\/cfnkimya.com\/wp-content\/uploads\/2026\/02\/POL.021_0%20K%C4%B0%C5%9E%C4%B0SEL%20VER%C4%B0LER%C4%B0N%20KORUNMASI%20VE%20%C4%B0%C5%9ELENMES%C4%B0%20POL%C4%B0T%C4%B0KASI%20%282%29.pdf\" target=\"_blank\" rel=\"noopener\">CFN Kimya A.\u015e. Ki\u015fisel Verilerin Korunmas\u0131 ve \u0130\u015flenmesi Politikas\u0131<\/a><\/li>\n<li style=\"font-weight: 400;\"><a href=\"http:\/\/www.cfnkimya.com\/wp-content\/uploads\/2020\/07\/kisisel-veri-aydinlatma-metni.pdf\" target=\"_blank\" rel=\"noopener\">CFN Kimya A.\u015e. Ki\u015fisel Verilerin Korunmas\u0131 Ayd\u0131nlatma Metni<\/a><\/li>\n<li style=\"font-weight: 400;\"><a href=\"http:\/\/www.cfnkimya.com\/wp-content\/uploads\/2020\/07\/ziyaretci-aydinlatma-metni.pdf\" target=\"_blank\" rel=\"noopener\">Ziyaret\u00e7i Ayd\u0131nlatma Metni<\/a><\/li>\n<li style=\"font-weight: 400;\"><a href=\"http:\/\/www.cfnkimya.com\/wp-content\/uploads\/2020\/07\/veri-sahibi-basvuru-formu.pdf\" target=\"_blank\" rel=\"noopener\">Ba\u015fvuru Formu<\/a><\/li>\n<li><a href=\"https:\/\/www.belgemodul.com\/sirket\/1612\" target=\"_blank\" rel=\"noopener\">Bilgi Toplumu Hizmetleri<\/a><\/li>\n<\/ul>\n","protected":false},"excerpt":{"rendered":"<p>CFN Kimya olarak ki\u015fisel verilerinizin g\u00fcvenli\u011fi hususuna mutlak suretle \u00f6nem g\u00f6steriyoruz. \u015eirketimizin hizmet alanlar\u0131ndan yararlanan de\u011ferli m\u00fc\u015fterilerimiz dahil, bizlerle ili\u015fkili olan t\u00fcm \u015fah\u0131slara ait her t\u00fcrl\u00fc ki\u015fisel verileri 6698 say\u0131l\u0131 Ki\u015fisel Verilerin Korunmas\u0131 Kanunu (KVKK) mevzuat\u0131na uygun olarak i\u015fleyerek muhafaza ediyoruz. CFN Kimya olarak (KVKK) Politikam\u0131z\u0131, ki\u015fisel verilerinizin hangi y\u00f6ntemlerle ve hangi ama\u00e7larla i\u015flenerek sakland\u0131\u011f\u0131n\u0131 [&hellip;]<\/p>\n","protected":false},"author":1,"featured_media":0,"parent":0,"menu_order":0,"comment_status":"closed","ping_status":"closed","template":"","meta":{"footnotes":""},"_links":{"self":[{"href":"https:\/\/www.cfnkimya.com\/index.php\/wp-json\/wp\/v2\/pages\/1655"}],"collection":[{"href":"https:\/\/www.cfnkimya.com\/index.php\/wp-json\/wp\/v2\/pages"}],"about":[{"href":"https:\/\/www.cfnkimya.com\/index.php\/wp-json\/wp\/v2\/types\/page"}],"author":[{"embeddable":true,"href":"https:\/\/www.cfnkimya.com\/index.php\/wp-json\/wp\/v2\/users\/1"}],"replies":[{"embeddable":true,"href":"https:\/\/www.cfnkimya.com\/index.php\/wp-json\/wp\/v2\/comments?post=1655"}],"version-history":[{"count":20,"href":"https:\/\/www.cfnkimya.com\/index.php\/wp-json\/wp\/v2\/pages\/1655\/revisions"}],"predecessor-version":[{"id":1990,"href":"https:\/\/www.cfnkimya.com\/index.php\/wp-json\/wp\/v2\/pages\/1655\/revisions\/1990"}],"wp:attachment":[{"href":"https:\/\/www.cfnkimya.com\/index.php\/wp-json\/wp\/v2\/media?parent=1655"}],"curies":[{"name":"wp","href":"https:\/\/api.w.org\/{rel}","templated":true}]}}